{"id":579,"date":"2026-03-04T10:07:58","date_gmt":"2026-03-04T10:07:58","guid":{"rendered":"http:\/\/vbbecrh.cluster121.hosting.ovh.net\/?post_type=product&#038;p=579"},"modified":"2026-03-04T10:09:26","modified_gmt":"2026-03-04T10:09:26","slug":"gant-exfoliant-gommant","status":"publish","type":"product","link":"https:\/\/knistudio.fr\/index.php\/produit\/gant-exfoliant-gommant\/","title":{"rendered":"Gant Exfoliant Gommant"},"content":{"rendered":"<p data-start=\"132\" data-end=\"405\">Offrez \u00e0 votre peau une exfoliation efficace et naturelle avec le gant exfoliant KNI STUDIO. Con\u00e7u pour \u00e9liminer en douceur les cellules mortes et les impuret\u00e9s, il aide \u00e0 affiner le grain de peau, stimuler la circulation et r\u00e9v\u00e9ler une peau plus lisse, douce et lumineuse.<\/p>\n<p data-start=\"407\" data-end=\"652\">Utilis\u00e9 r\u00e9guli\u00e8rement, ce gant exfoliant pr\u00e9pare parfaitement la peau avant l\u2019application de vos soins corps et permet d\u2019en optimiser les bienfaits. Il est \u00e9galement id\u00e9al pour pr\u00e9venir les poils incarn\u00e9s et redonner de l\u2019\u00e9clat aux peaux ternes.<\/p>\n<p data-start=\"654\" data-end=\"813\">Simple d\u2019utilisation, il transforme votre routine de soin en un v\u00e9ritable moment de bien-\u00eatre \u00e0 la maison, pour une peau visiblement plus nette et revitalis\u00e9e.<\/p>\n<p data-start=\"815\" data-end=\"1084\">\ud83d\udc9b <strong data-start=\"818\" data-end=\"858\">Les + du gant exfoliant KNI STUDIO :<\/strong><br data-start=\"858\" data-end=\"861\" \/>\u2022 \u00e9limine efficacement les cellules mortes<br data-start=\"903\" data-end=\"906\" \/>\u2022 stimule la circulation cutan\u00e9e<br data-start=\"938\" data-end=\"941\" \/>\u2022 laisse la peau douce et lumineuse<br data-start=\"976\" data-end=\"979\" \/>\u2022 aide \u00e0 pr\u00e9venir les poils incarn\u00e9s<br data-start=\"1015\" data-end=\"1018\" data-is-only-node=\"\" \/>\u2022 parfait avant l\u2019application d\u2019un soin corps ou d\u2019un autobronzant<\/p>\n","protected":false},"excerpt":{"rendered":"<p>Le gant exfoliant KNI STUDIO \u00e9limine efficacement les cellules mortes, stimule la circulation et laisse la peau douce, lisse et \u00e9clatante. Id\u00e9al pour pr\u00e9parer la peau avant un soin ou prolonger les bienfaits d\u2019un gommage \u00e0 la maison.<\/p>\n","protected":false},"featured_media":580,"comment_status":"open","ping_status":"closed","template":"","meta":[],"product_brand":[],"product_cat":[22],"product_tag":[],"class_list":{"0":"post-579","1":"product","2":"type-product","3":"status-publish","4":"has-post-thumbnail","6":"product_cat-soins-corps","8":"first","9":"instock","10":"shipping-taxable","11":"purchasable","12":"product-type-simple"},"_links":{"self":[{"href":"https:\/\/knistudio.fr\/index.php\/wp-json\/wp\/v2\/product\/579","targetHints":{"allow":["GET"]}}],"collection":[{"href":"https:\/\/knistudio.fr\/index.php\/wp-json\/wp\/v2\/product"}],"about":[{"href":"https:\/\/knistudio.fr\/index.php\/wp-json\/wp\/v2\/types\/product"}],"replies":[{"embeddable":true,"href":"https:\/\/knistudio.fr\/index.php\/wp-json\/wp\/v2\/comments?post=579"}],"wp:featuredmedia":[{"embeddable":true,"href":"https:\/\/knistudio.fr\/index.php\/wp-json\/wp\/v2\/media\/580"}],"wp:attachment":[{"href":"https:\/\/knistudio.fr\/index.php\/wp-json\/wp\/v2\/media?parent=579"}],"wp:term":[{"taxonomy":"product_brand","embeddable":true,"href":"https:\/\/knistudio.fr\/index.php\/wp-json\/wp\/v2\/product_brand?post=579"},{"taxonomy":"product_cat","embeddable":true,"href":"https:\/\/knistudio.fr\/index.php\/wp-json\/wp\/v2\/product_cat?post=579"},{"taxonomy":"product_tag","embeddable":true,"href":"https:\/\/knistudio.fr\/index.php\/wp-json\/wp\/v2\/product_tag?post=579"}],"curies":[{"name":"wp","href":"https:\/\/api.w.org\/{rel}","templated":true}]}}