{"id":566,"date":"2026-03-04T09:51:01","date_gmt":"2026-03-04T09:51:01","guid":{"rendered":"http:\/\/vbbecrh.cluster121.hosting.ovh.net\/?post_type=product&#038;p=566"},"modified":"2026-03-04T09:52:36","modified_gmt":"2026-03-04T09:52:36","slug":"coffret-teint-parfait-mesoestetic","status":"publish","type":"product","link":"https:\/\/knistudio.fr\/index.php\/produit\/coffret-teint-parfait-mesoestetic\/","title":{"rendered":"Coffret Teint Parfait Mesoestetic\u00ae"},"content":{"rendered":"<p data-start=\"325\" data-end=\"640\">Routine anti-\u00e2ge incluant une phase de pr\u00e9paration \u00e0 effet retexturisant et illuminateur, ainsi qu\u2019une phase de traitement revitalisante pour redonner de l\u2019\u00e9clat \u00e0 la peau. Sa combinaison exclusive d\u2019actifs \u00e0 action \u00e9pig\u00e9n\u00e9tique unifie le teint, att\u00e9nue les imperfections et illumine le visage de mani\u00e8re visible.<\/p>\n<p data-start=\"642\" data-end=\"671\">Le coffret est compos\u00e9 de :<\/p>\n<ul data-start=\"672\" data-end=\"1307\" data-is-last-node=\"\" data-is-only-node=\"\">\n<li data-start=\"672\" data-end=\"747\">\n<p data-start=\"674\" data-end=\"747\"><strong data-start=\"674\" data-end=\"694\">brightening foam<\/strong> : nettoyant r\u00e9novateur pour une peau douce. 100 ml<\/p>\n<\/li>\n<li data-start=\"748\" data-end=\"894\">\n<p data-start=\"750\" data-end=\"894\"><strong data-start=\"750\" data-end=\"798\">minisize age element brightening concentrate<\/strong> : s\u00e9rum concentr\u00e9 \u00e0 action illuminatrice et aux actifs antioxydants. Il unifie le teint. 5 ml<\/p>\n<\/li>\n<li data-start=\"895\" data-end=\"993\">\n<p data-start=\"897\" data-end=\"993\"><strong data-start=\"897\" data-end=\"912\">aox ferulic<\/strong> : concentr\u00e9 antioxydant ultra-avanc\u00e9 \u00e0 action anti-\u00e2ge et illuminatrice. 15 ml<\/p>\n<\/li>\n<li data-start=\"994\" data-end=\"1146\">\n<p data-start=\"996\" data-end=\"1146\"><strong data-start=\"996\" data-end=\"1029\">age element brightening cream<\/strong> : cr\u00e8me illuminatrice pour le traitement des premiers signes du vieillissement, \u00e0 action multi-antioxydante. 50 ml<\/p>\n<\/li>\n<li data-start=\"1147\" data-end=\"1307\" data-is-last-node=\"\">\n<p data-start=\"1149\" data-end=\"1307\" data-is-last-node=\"\"><strong data-start=\"1149\" data-end=\"1182\">Masseur facial double roll-on<\/strong> : favorise l\u2019absorption des actifs, active la microcirculation et procure un effet tonifiant, raffermissant et revitalisant.<\/p>\n<\/li>\n<li data-start=\"1147\" data-end=\"1307\" data-is-last-node=\"\"><strong>Trousse<\/strong><\/li>\n<\/ul>\n","protected":false},"excerpt":{"rendered":"<p>Coffret anti-\u00e2ge exclusif comprenant une <strong>phase de nettoyage<\/strong> et une <strong>phase de traitement<\/strong> pour les premiers signes de l\u2019\u00e2ge.<\/p>\n<p>Il unifie le teint et illumine visiblement la peau.<\/p>\n","protected":false},"featured_media":568,"comment_status":"open","ping_status":"closed","template":"","meta":[],"product_brand":[],"product_cat":[20],"product_tag":[],"class_list":{"0":"post-566","1":"product","2":"type-product","3":"status-publish","4":"has-post-thumbnail","6":"product_cat-soins-visage-professionnels","8":"first","9":"instock","10":"shipping-taxable","11":"purchasable","12":"product-type-simple"},"_links":{"self":[{"href":"https:\/\/knistudio.fr\/index.php\/wp-json\/wp\/v2\/product\/566","targetHints":{"allow":["GET"]}}],"collection":[{"href":"https:\/\/knistudio.fr\/index.php\/wp-json\/wp\/v2\/product"}],"about":[{"href":"https:\/\/knistudio.fr\/index.php\/wp-json\/wp\/v2\/types\/product"}],"replies":[{"embeddable":true,"href":"https:\/\/knistudio.fr\/index.php\/wp-json\/wp\/v2\/comments?post=566"}],"wp:featuredmedia":[{"embeddable":true,"href":"https:\/\/knistudio.fr\/index.php\/wp-json\/wp\/v2\/media\/568"}],"wp:attachment":[{"href":"https:\/\/knistudio.fr\/index.php\/wp-json\/wp\/v2\/media?parent=566"}],"wp:term":[{"taxonomy":"product_brand","embeddable":true,"href":"https:\/\/knistudio.fr\/index.php\/wp-json\/wp\/v2\/product_brand?post=566"},{"taxonomy":"product_cat","embeddable":true,"href":"https:\/\/knistudio.fr\/index.php\/wp-json\/wp\/v2\/product_cat?post=566"},{"taxonomy":"product_tag","embeddable":true,"href":"https:\/\/knistudio.fr\/index.php\/wp-json\/wp\/v2\/product_tag?post=566"}],"curies":[{"name":"wp","href":"https:\/\/api.w.org\/{rel}","templated":true}]}}