{"id":551,"date":"2026-03-04T09:28:15","date_gmt":"2026-03-04T09:28:15","guid":{"rendered":"http:\/\/vbbecrh.cluster121.hosting.ovh.net\/?post_type=product&#038;p=551"},"modified":"2026-03-04T09:33:54","modified_gmt":"2026-03-04T09:33:54","slug":"beurre-collagene-corps","status":"publish","type":"product","link":"https:\/\/knistudio.fr\/index.php\/produit\/beurre-collagene-corps\/","title":{"rendered":"Beurre Collag\u00e8ne Corps"},"content":{"rendered":"<p>Collag\u00e8nes d\u2019origine marine, \u00e0 haute biodisponibilit\u00e9, ce qui leur permet d\u2019\u00eatre mieux absorb\u00e9s par la peau. Le collag\u00e8ne participe \u00e0 l\u2019hydratation, il favorise la r\u00e9g\u00e9n\u00e9ration, am\u00e9liore la souplesse et forme une couche protectrice sur la peau.<\/p>\n<p>La formule de 8 extraits v\u00e9g\u00e9taux issus d\u2019hydrocotyle, de pr\u00eale des champs, de plaqueminier de Virginie, de citron, de houblon, de pin, de romarin et de sauge\u202fposs\u00e8de des propri\u00e9t\u00e9s anti-\u00e2ge, r\u00e9g\u00e9n\u00e9rantes et d\u00e9montre des propri\u00e9t\u00e9s antioxydantes.<\/p>\n<p>Le beurre de karit\u00e9 est une source riche en vitamines A et E, il hydrate intens\u00e8ment, r\u00e9g\u00e9n\u00e8re et retarde le vieillissement de la peau.<\/p>\n<p>Les formes de l\u2019acide hyaluronique se ditinguent par leur structure et la taille des mol\u00e9cules, ce qui leur permet d\u2019hydrater tant les couches profondes de la peau que celles qui sont superficielles.<\/p>\n<p>L\u2019huile d\u2019avocat est un ingr\u00e9dient efficace qui soutient la lutte contre les signes du vieillissement de la peau comme les rides et la peau s\u00e8che. Il emp\u00eache le dess\u00e8chement excessif de l\u2019\u00e9piderme gr\u00e2ce \u00e0 ses excellentes propri\u00e9t\u00e9s hydratantes.<\/p>\n<div class=\"mui-1l7wi63\">\n<div class=\"MuiBox-root mui-1xh967z\">\n<div class=\"MuiBox-root mui-0\">\n<div>\n<p dir=\"ltr\"><b><strong>Ingr\u00e9dients:<\/strong><\/b> <b><strong>\u202f<\/strong><\/b>Aqua, Cetearyl Alcohol, Butyrospermum Parkii Butter, Caprylic\/Capric Triglyceride, Glycerin, Isononyl Isononanoate, Urea, Olus Oil, Parfum, Theobroma Cacao (Cocoa) Seed Butter, Betaine, Persea Gratissima Oil, Potassium Cetyl Phosphate, Ceteareth-25, Sodium Benzoate, Glyceryl Caprylate, Hydrolyzed Collagen, Citric Acid, Tocopheryl Acetate, Disodium EDTA, Malpighia Glabra Fruit Extract, Collagen, Potassium Sorbate, Humulus Lupulus Cone Extract, Rosmarinus Officinalis Leaf Extract, Hamamelis Virginiana Leaf Extract, Salvia Officinalis Leaf Extract, Equisetum Arvense Extract, Citrus Limon Peel Extract, Centella Asiatica Extract, Pinus Sylvestris Bud Extract, Propanediol, Hydrolyzed Glycosaminoglycans, Sodium Hyaluronate, Hydrolyzed Hyaluronic Acid, Hyaluronic Acid, Sodium Hyaluronate Crosspolymer, Benzyl Glycol, Ethylhexylglycerin, Raspberry Ketone, Lactic Acid, Phenoxyethanol, Benzoic Acid, Dehydroacetic Acid.<\/p>\n<\/div>\n<\/div>\n<\/div>\n<\/div>\n","protected":false},"excerpt":{"rendered":"<p>La formule raffermissante et sculptante contribue \u00e0 am\u00e9liorer l\u2019hydratation, l\u2019\u00e9lasticit\u00e9 et la souplesse de la peau. D\u00e8s la premi\u00e8re utilisation, la peau devient plus lisse.<\/p>\n<p>Beurre de karit\u00e9, huile d&rsquo;avocat, collag\u00e8nes d\u2019origine marine, 8 extraits v\u00e9g\u00e9taux&#8230;<\/p>\n<p>Pour tout type de peau et de teint.<\/p>\n","protected":false},"featured_media":554,"comment_status":"open","ping_status":"closed","template":"","meta":[],"product_brand":[],"product_cat":[22],"product_tag":[],"class_list":{"0":"post-551","1":"product","2":"type-product","3":"status-publish","4":"has-post-thumbnail","6":"product_cat-soins-corps","8":"first","9":"instock","10":"shipping-taxable","11":"purchasable","12":"product-type-simple"},"_links":{"self":[{"href":"https:\/\/knistudio.fr\/index.php\/wp-json\/wp\/v2\/product\/551","targetHints":{"allow":["GET"]}}],"collection":[{"href":"https:\/\/knistudio.fr\/index.php\/wp-json\/wp\/v2\/product"}],"about":[{"href":"https:\/\/knistudio.fr\/index.php\/wp-json\/wp\/v2\/types\/product"}],"replies":[{"embeddable":true,"href":"https:\/\/knistudio.fr\/index.php\/wp-json\/wp\/v2\/comments?post=551"}],"wp:featuredmedia":[{"embeddable":true,"href":"https:\/\/knistudio.fr\/index.php\/wp-json\/wp\/v2\/media\/554"}],"wp:attachment":[{"href":"https:\/\/knistudio.fr\/index.php\/wp-json\/wp\/v2\/media?parent=551"}],"wp:term":[{"taxonomy":"product_brand","embeddable":true,"href":"https:\/\/knistudio.fr\/index.php\/wp-json\/wp\/v2\/product_brand?post=551"},{"taxonomy":"product_cat","embeddable":true,"href":"https:\/\/knistudio.fr\/index.php\/wp-json\/wp\/v2\/product_cat?post=551"},{"taxonomy":"product_tag","embeddable":true,"href":"https:\/\/knistudio.fr\/index.php\/wp-json\/wp\/v2\/product_tag?post=551"}],"curies":[{"name":"wp","href":"https:\/\/api.w.org\/{rel}","templated":true}]}}