{"id":541,"date":"2026-03-04T09:00:33","date_gmt":"2026-03-04T09:00:33","guid":{"rendered":"http:\/\/vbbecrh.cluster121.hosting.ovh.net\/?post_type=product&#038;p=541"},"modified":"2026-03-04T09:16:48","modified_gmt":"2026-03-04T09:16:48","slug":"creme-nettoyante-visage","status":"publish","type":"product","link":"https:\/\/knistudio.fr\/index.php\/produit\/creme-nettoyante-visage\/","title":{"rendered":"Cr\u00e8me Nettoyante Visage"},"content":{"rendered":"<p>Cr\u00e8me-huile nettoyante pour le visage \u00e9quilibrante et anti-pollution. Apporte nutrition et hydratation \u00e0 la peau en laissant une agr\u00e9able sensation de douceur. Peaux s\u00e8ches et sensibles.<\/p>\n<p><strong>NUTRITIVE, RELIPIDANTE :<\/strong><\/p>\n<p>Riche en squal\u00e8ne, une huile v\u00e9g\u00e9tale ayant une grande affinit\u00e9 avec la peau, qui apporte nutrition et \u00e9lasticit\u00e9 avec une parfaite absorption dans le tissu, sans r\u00e9sidus gras.<\/p>\n<p><strong>CR\u00c8ME-HUILE NETTOYANTE POUR LE VISAGE \u00c9QUILIBRANTE ET ANTI-POLLUTION :<\/strong><\/p>\n<p>\u00c0 base de lipides v\u00e9g\u00e9taux, ce produit apporte nutrition et hydratation \u00e0 la peau en laissant une agr\u00e9able sensation de confort et de douceur. Test\u00e9 sous contr\u00f4le dermatologique.<\/p>\n<p><strong>S\u00c9CURIT\u00c9 ET HAUTE TOL\u00c9RANCE :<\/strong><\/p>\n<p>La s\u00e9curit\u00e9 et tol\u00e9rance cutan\u00e9e de nos produits sont soumis \u00e0 des essais rigoureux r\u00e9alis\u00e9s par des experts ind\u00e9pendants: Test\u00e9s sous contr\u00f4le dermatologique.<\/p>\n<p>La liste des ingr\u00e9dients peut \u00eatre soumise \u00e0 des modifications, nous vous conseillons de v\u00e9rifier la liste figurant sur le produit achet\u00e9.<br \/>\nAqua, Squalane, Coco-Caprylate\/Caprate, PPG-1 Trideceth-13, Caprylic\/Capric Triglyceride, Isohexadecane, Tricaprylin, Glycerin, Alteromonas Ferment Extract, Lactobacillus Ferment, Butylene Glycol, Ethylhexylglycerin, Maltodextrin, Polysorbate 20, Sorbitan Isostearate, Polyacrylate-13, Polyisobutene, Phenoxyethanol, Parfum.<\/p>\n","protected":false},"excerpt":{"rendered":"<p>Cr\u00e8me-huile nettoyante pour le visage \u00e9quilibrante et anti-pollution.<\/p>\n<p>Apporte nutrition et hydratation \u00e0 la peau en laissant une agr\u00e9able sensation de douceur.<\/p>\n<p>Peaux s\u00e8ches et sensibles.<\/p>\n<div class=\"summary-review-wrapper\">\n<div class=\"product attribute size\">\n<div class=\"value\">100 ml<\/div>\n<\/div>\n<\/div>\n","protected":false},"featured_media":543,"comment_status":"open","ping_status":"closed","template":"","meta":[],"product_brand":[],"product_cat":[20],"product_tag":[],"class_list":{"0":"post-541","1":"product","2":"type-product","3":"status-publish","4":"has-post-thumbnail","6":"product_cat-soins-visage-professionnels","8":"first","9":"instock","10":"shipping-taxable","11":"purchasable","12":"product-type-simple"},"_links":{"self":[{"href":"https:\/\/knistudio.fr\/index.php\/wp-json\/wp\/v2\/product\/541","targetHints":{"allow":["GET"]}}],"collection":[{"href":"https:\/\/knistudio.fr\/index.php\/wp-json\/wp\/v2\/product"}],"about":[{"href":"https:\/\/knistudio.fr\/index.php\/wp-json\/wp\/v2\/types\/product"}],"replies":[{"embeddable":true,"href":"https:\/\/knistudio.fr\/index.php\/wp-json\/wp\/v2\/comments?post=541"}],"wp:featuredmedia":[{"embeddable":true,"href":"https:\/\/knistudio.fr\/index.php\/wp-json\/wp\/v2\/media\/543"}],"wp:attachment":[{"href":"https:\/\/knistudio.fr\/index.php\/wp-json\/wp\/v2\/media?parent=541"}],"wp:term":[{"taxonomy":"product_brand","embeddable":true,"href":"https:\/\/knistudio.fr\/index.php\/wp-json\/wp\/v2\/product_brand?post=541"},{"taxonomy":"product_cat","embeddable":true,"href":"https:\/\/knistudio.fr\/index.php\/wp-json\/wp\/v2\/product_cat?post=541"},{"taxonomy":"product_tag","embeddable":true,"href":"https:\/\/knistudio.fr\/index.php\/wp-json\/wp\/v2\/product_tag?post=541"}],"curies":[{"name":"wp","href":"https:\/\/api.w.org\/{rel}","templated":true}]}}