{"id":466,"date":"2026-02-26T15:02:47","date_gmt":"2026-02-26T15:02:47","guid":{"rendered":"http:\/\/vbbecrh.cluster121.hosting.ovh.net\/?post_type=product&#038;p=466"},"modified":"2026-02-26T15:07:20","modified_gmt":"2026-02-26T15:07:20","slug":"spray-solaire-visage-50","status":"publish","type":"product","link":"https:\/\/knistudio.fr\/index.php\/produit\/spray-solaire-visage-50\/","title":{"rendered":"Spray Solaire Visage 50+"},"content":{"rendered":"<p>Protection solaire. Tr\u00e8s haute photoprotection 50+ pour tous les types de peau. Format spray ultra-l\u00e9ger qui, gr\u00e2ce \u00e0 sa formule contenant du bisabolol, un ingr\u00e9dient connu pour ses propri\u00e9t\u00e9s apaisantes et antioxydantes, aide \u00e0 prot\u00e9ger et \u00e0 soulager la peau contre les agressions ext\u00e9rieures, telles que le soleil et la pollution.<\/p>\n<p>&nbsp;<\/p>\n<p>&nbsp;<\/p>\n","protected":false},"excerpt":{"rendered":"<div class=\"product attribute overview\">\n<div class=\"value\">Brume solaire anti-\u00e2ge pour le visage avec protection solaire SPF\u202f50+.<\/div>\n<div class=\"value\">Texture fra\u00eeche et ultra-l\u00e9g\u00e8re, qui se pulv\u00e9rise uniform\u00e9ment sur la peau sans besoin d&rsquo;\u00e9taler.<\/div>\n<\/div>\n<div class=\"summary-review-wrapper\">\n<div class=\"product attribute size\">\n<div class=\"value\">50 ml<\/div>\n<\/div>\n<\/div>\n","protected":false},"featured_media":467,"comment_status":"open","ping_status":"closed","template":"","meta":[],"product_brand":[],"product_cat":[20],"product_tag":[],"class_list":{"0":"post-466","1":"product","2":"type-product","3":"status-publish","4":"has-post-thumbnail","6":"product_cat-soins-visage-professionnels","8":"first","9":"instock","10":"shipping-taxable","11":"purchasable","12":"product-type-simple"},"_links":{"self":[{"href":"https:\/\/knistudio.fr\/index.php\/wp-json\/wp\/v2\/product\/466","targetHints":{"allow":["GET"]}}],"collection":[{"href":"https:\/\/knistudio.fr\/index.php\/wp-json\/wp\/v2\/product"}],"about":[{"href":"https:\/\/knistudio.fr\/index.php\/wp-json\/wp\/v2\/types\/product"}],"replies":[{"embeddable":true,"href":"https:\/\/knistudio.fr\/index.php\/wp-json\/wp\/v2\/comments?post=466"}],"wp:featuredmedia":[{"embeddable":true,"href":"https:\/\/knistudio.fr\/index.php\/wp-json\/wp\/v2\/media\/467"}],"wp:attachment":[{"href":"https:\/\/knistudio.fr\/index.php\/wp-json\/wp\/v2\/media?parent=466"}],"wp:term":[{"taxonomy":"product_brand","embeddable":true,"href":"https:\/\/knistudio.fr\/index.php\/wp-json\/wp\/v2\/product_brand?post=466"},{"taxonomy":"product_cat","embeddable":true,"href":"https:\/\/knistudio.fr\/index.php\/wp-json\/wp\/v2\/product_cat?post=466"},{"taxonomy":"product_tag","embeddable":true,"href":"https:\/\/knistudio.fr\/index.php\/wp-json\/wp\/v2\/product_tag?post=466"}],"curies":[{"name":"wp","href":"https:\/\/api.w.org\/{rel}","templated":true}]}}