{"id":456,"date":"2026-02-26T14:46:03","date_gmt":"2026-02-26T14:46:03","guid":{"rendered":"http:\/\/vbbecrh.cluster121.hosting.ovh.net\/?post_type=product&#038;p=456"},"modified":"2026-02-26T15:07:37","modified_gmt":"2026-02-26T15:07:37","slug":"protection-solaire-teintee","status":"publish","type":"product","link":"https:\/\/knistudio.fr\/index.php\/produit\/protection-solaire-teintee\/","title":{"rendered":"Protection Solaire Teint\u00e9e 50+"},"content":{"rendered":"<p>Peaux pr\u00e9sentant des imperfections pigmentaires. Protection solaire tr\u00e8s \u00e9lev\u00e9e teint\u00e9e. Un actif d\u00e9pigmentant aide \u00e0 r\u00e9guler la synth\u00e8se de m\u00e9lanine en renfor\u00e7ant l\u2019action pr\u00e9ventive antitaches. Texture teint\u00e9e apportant une couleur naturelle et att\u00e9nuant les imperfections en unifiant le teint.<\/p>\n<div id=\"ingredients\" class=\"data item content\" role=\"tabpanel\" aria-labelledby=\"tab-label-ingredients\" data-role=\"content\" aria-hidden=\"false\">\n<article class=\"ingredients\">La liste des ingr\u00e9dients peut \u00eatre soumise \u00e0 des modifications, nous vous conseillons de v\u00e9rifier la liste figurant sur le produit achet\u00e9.Aqua, Octocrylene, Dibutyl Adipate, Homosalate, C15-19 Alkane, Bis-Ethylhexyloxyphenol Methoxyphenyl Triazine, Alcohol denat., Butyl Methoxydibenzoylmethane, Titanium Dioxide, Methylene bis-benzotriazolyl tetramethylbutylphenol, Silica, Dimethicone, PEG-30 Dipolyhydroxystearate, Polysilicone-15, Cellulose, C13-15 Alkane, Bis-Ethylhexyl Hydroxydimethoxy Benzylmalonate, PEG-10 Dimethicone, Maleated Soybean Oil Glyceryl\/ Octyldodecanol Esters, Potassium Azeloyl Diglycinate, Jojoba Esters, Hexyl Laurate, Helianthus Annuus Seed Wax, Ethylhexylglycerin, Acacia Decurrens Flower Wax, Polyglycerin-3, Polyamide-3, Cetyl PEG\/PPG-10\/1 Dimethicone, Polyglyceryl-4 Isostearate, Sodium Chloride, VP\/Hexadecene Copolymer, Decyl Glucoside, Disteardimonium Hectorite, Disodium EDTA, Glyceryl Behenate, Polyglyceryl-6 Octastearate, Polyglyceryl-3 Polyricinoleate, Hydrogenated Lecithin, Propylene Glycol, Xanthan Gum, Pentaerythrityl Tetra-di-t-butyl Hydroxyhydrocinnamate, Phenoxyethanol, Parfum, CI 77492, CI 77491, CI 77499, Acetyl Cedrene, Linalyl Acetate, Pogostemon Cablin Oil<\/article>\n<\/div>\n","protected":false},"excerpt":{"rendered":"<p>Protection solaire visage teint\u00e9e et photoprotection tr\u00e8s \u00e9lev\u00e9e indiqu\u00e9e pour les peaux pr\u00e9sentant des imperfections pigmentaires.<\/p>\n<p>Aide \u00e0 r\u00e9guler la synth\u00e8se de la m\u00e9lanine pour une action pr\u00e9ventive anti-taches. Sa texture teint\u00e9e offre un maquillage naturel imperceptible.<\/p>\n<p>R\u00e9sistant \u00e0 l&rsquo;eau.<\/p>\n","protected":false},"featured_media":465,"comment_status":"open","ping_status":"closed","template":"","meta":[],"product_brand":[],"product_cat":[20],"product_tag":[],"class_list":{"0":"post-456","1":"product","2":"type-product","3":"status-publish","4":"has-post-thumbnail","6":"product_cat-soins-visage-professionnels","8":"first","9":"instock","10":"shipping-taxable","11":"purchasable","12":"product-type-simple"},"_links":{"self":[{"href":"https:\/\/knistudio.fr\/index.php\/wp-json\/wp\/v2\/product\/456","targetHints":{"allow":["GET"]}}],"collection":[{"href":"https:\/\/knistudio.fr\/index.php\/wp-json\/wp\/v2\/product"}],"about":[{"href":"https:\/\/knistudio.fr\/index.php\/wp-json\/wp\/v2\/types\/product"}],"replies":[{"embeddable":true,"href":"https:\/\/knistudio.fr\/index.php\/wp-json\/wp\/v2\/comments?post=456"}],"wp:featuredmedia":[{"embeddable":true,"href":"https:\/\/knistudio.fr\/index.php\/wp-json\/wp\/v2\/media\/465"}],"wp:attachment":[{"href":"https:\/\/knistudio.fr\/index.php\/wp-json\/wp\/v2\/media?parent=456"}],"wp:term":[{"taxonomy":"product_brand","embeddable":true,"href":"https:\/\/knistudio.fr\/index.php\/wp-json\/wp\/v2\/product_brand?post=456"},{"taxonomy":"product_cat","embeddable":true,"href":"https:\/\/knistudio.fr\/index.php\/wp-json\/wp\/v2\/product_cat?post=456"},{"taxonomy":"product_tag","embeddable":true,"href":"https:\/\/knistudio.fr\/index.php\/wp-json\/wp\/v2\/product_tag?post=456"}],"curies":[{"name":"wp","href":"https:\/\/api.w.org\/{rel}","templated":true}]}}