{"id":382,"date":"2026-02-25T12:09:44","date_gmt":"2026-02-25T12:09:44","guid":{"rendered":"http:\/\/vbbecrh.cluster121.hosting.ovh.net\/?page_id=382"},"modified":"2026-02-26T14:35:56","modified_gmt":"2026-02-26T14:35:56","slug":"nous-contacter","status":"publish","type":"page","link":"https:\/\/knistudio.fr\/index.php\/nous-contacter\/","title":{"rendered":"Nous contacter"},"content":{"rendered":"\n<div class=\"wp-block-cover is-light has-parallax\"><div class=\"wp-block-cover__image-background wp-image-437 size-large has-parallax\" style=\"background-position:50% 50%;background-image:url(http:\/\/vbbecrh.cluster121.hosting.ovh.net\/wp-content\/uploads\/2026\/02\/AdobeStock_323801242-1024x683.jpeg)\"><\/div><span aria-hidden=\"true\" class=\"wp-block-cover__background has-background-dim\" style=\"background-color:#e5d4ca\"><\/span><div class=\"wp-block-cover__inner-container is-layout-constrained wp-block-cover-is-layout-constrained\">\n<p class=\"has-text-align-center has-custom-chocolat-color has-text-color has-link-color has-yaro-font-family has-xx-large-font-size wp-elements-3337d6cc52bbb91cbb00c48c0076e44e\">KNI STUDIO<\/p>\n\n\n\n<p class=\"has-text-align-center has-custom-chocolat-color has-text-color has-link-color has-yaro-font-family has-x-large-font-size wp-elements-5030a47ec85c2cd0c8ecb3f9d7e4d53b\"><a href=\"https:\/\/www.google.com\/maps\/place\/KNI+studio+%7C+%C3%89pilation+Laser+soprano+et+Soins+esth%C3%A9tiques+%7CAndrezieux+Boutheon\/@45.526111,4.2531901,17z\/data=!3m1!4b1!4m6!3m5!1s0x2861777a08177705:0x11b9fc9bae2f19f1!8m2!3d45.526111!4d4.255765!16s%2Fg%2F11lv7sldc4?entry=ttu&amp;g_ep=EgoyMDI2MDIyMi4wIKXMDSoASAFQAw%3D%3D\">1 rue Jean Vende 42560 Andr\u00e9zieux-Bouth\u00e9on<\/a><\/p>\n\n\n\n<p class=\"has-text-align-center has-custom-chocolat-color has-text-color has-link-color has-yaro-font-family has-x-large-font-size wp-elements-12acf56361c48eed7c97b8e9faa68078\"><a href=\"tel:0675211100\">06 75 21 11 00<\/a><\/p>\n\n\n\n<p class=\"has-text-align-center has-custom-chocolat-color has-text-color has-link-color has-yaro-font-family has-x-large-font-size wp-elements-b953b625072ff792e67dbee64c590817\"><a href=\"mailto:knistudio42@gmail.com\">knistudio42@gmail.com<\/a><\/p>\n<\/div><\/div>\n\n\n\n<div class=\"wp-block-group pin-donation-images-box-section has-background has-brand-background-color has-custom-abricot-background-color is-layout-constrained wp-container-core-group-is-layout-54dcd642 wp-block-group-is-layout-constrained\" style=\"padding-right:15px;padding-bottom:25px;padding-left:15px\">\n<div class=\"wp-block-columns is-layout-flex wp-container-core-columns-is-layout-5c5904c3 wp-block-columns-is-layout-flex\" style=\"border-style:none;border-width:0px;padding-top:40px;padding-bottom:0px\">\n<div class=\"wp-block-column is-layout-flow wp-block-column-is-layout-flow\">\n<div class=\"wp-block-group pin-donation-image-box is-layout-constrained wp-block-group-is-layout-constrained\">\n<h4 class=\"wp-block-heading has-text-align-center has-custom-coco-color has-text-color has-yaro-font-family has-x-large-font-size\" style=\"padding-top:0px;padding-right:50px;padding-bottom:0px;padding-left:50px;font-style:normal;font-weight:700;text-transform:uppercase\">Pourquoi choisir KNI Studio ?<\/h4>\n<\/div>\n<\/div>\n<\/div>\n\n\n\n<div class=\"wp-block-columns is-layout-flex wp-container-core-columns-is-layout-f9d2f5ea wp-block-columns-is-layout-flex\" style=\"border-style:none;border-width:0px;padding-top:60px;padding-bottom:60px\">\n<div class=\"wp-block-column has-border-color has-custom-coco-border-color is-layout-flow wp-container-core-column-is-layout-af022278 wp-block-column-is-layout-flow\" style=\"border-width:1px;border-radius:20px;padding-top:45px;padding-right:0px;padding-bottom:45px;padding-left:0px\">\n<div class=\"wp-block-group pin-donation-image-box is-layout-constrained wp-block-group-is-layout-constrained\">\n<figure class=\"wp-block-image aligncenter size-full is-resized\"><img loading=\"lazy\" decoding=\"async\" width=\"1181\" height=\"1181\" src=\"http:\/\/vbbecrh.cluster121.hosting.ovh.net\/wp-content\/uploads\/2026\/02\/TECHNOLOGIES-ESTHETIQUE.png\" alt=\"\" class=\"wp-image-439\" style=\"width:150px;height:auto\" srcset=\"https:\/\/knistudio.fr\/wp-content\/uploads\/2026\/02\/TECHNOLOGIES-ESTHETIQUE.png 1181w, https:\/\/knistudio.fr\/wp-content\/uploads\/2026\/02\/TECHNOLOGIES-ESTHETIQUE-300x300.png 300w, https:\/\/knistudio.fr\/wp-content\/uploads\/2026\/02\/TECHNOLOGIES-ESTHETIQUE-1024x1024.png 1024w, https:\/\/knistudio.fr\/wp-content\/uploads\/2026\/02\/TECHNOLOGIES-ESTHETIQUE-150x150.png 150w, https:\/\/knistudio.fr\/wp-content\/uploads\/2026\/02\/TECHNOLOGIES-ESTHETIQUE-768x768.png 768w, https:\/\/knistudio.fr\/wp-content\/uploads\/2026\/02\/TECHNOLOGIES-ESTHETIQUE-600x600.png 600w, https:\/\/knistudio.fr\/wp-content\/uploads\/2026\/02\/TECHNOLOGIES-ESTHETIQUE-100x100.png 100w\" sizes=\"auto, (max-width: 1181px) 100vw, 1181px\" \/><\/figure>\n\n\n\n<h4 class=\"wp-block-heading has-text-align-center has-custom-coco-color has-text-color has-yaro-font-family\" style=\"padding-top:20px;padding-bottom:15px;font-size:18px;font-style:normal;font-weight:700\">Haute technologie avanc\u00e9e<\/h4>\n<\/div>\n<\/div>\n\n\n\n<div class=\"wp-block-column has-border-color has-custom-coco-border-color is-layout-flow wp-container-core-column-is-layout-95169d94 wp-block-column-is-layout-flow\" style=\"border-width:1px;border-radius:20px;padding-top:45px;padding-right:0px;padding-bottom:45px;padding-left:0px\">\n<div class=\"wp-block-group pin-donation-image-box is-layout-constrained wp-block-group-is-layout-constrained\">\n<figure class=\"wp-block-image aligncenter size-full is-resized\"><img loading=\"lazy\" decoding=\"async\" width=\"1181\" height=\"1181\" src=\"http:\/\/vbbecrh.cluster121.hosting.ovh.net\/wp-content\/uploads\/2026\/02\/professionnels-diplomes-1.png\" alt=\"\" class=\"wp-image-420\" style=\"width:150px\" srcset=\"https:\/\/knistudio.fr\/wp-content\/uploads\/2026\/02\/professionnels-diplomes-1.png 1181w, https:\/\/knistudio.fr\/wp-content\/uploads\/2026\/02\/professionnels-diplomes-1-300x300.png 300w, https:\/\/knistudio.fr\/wp-content\/uploads\/2026\/02\/professionnels-diplomes-1-1024x1024.png 1024w, https:\/\/knistudio.fr\/wp-content\/uploads\/2026\/02\/professionnels-diplomes-1-150x150.png 150w, https:\/\/knistudio.fr\/wp-content\/uploads\/2026\/02\/professionnels-diplomes-1-768x768.png 768w, https:\/\/knistudio.fr\/wp-content\/uploads\/2026\/02\/professionnels-diplomes-1-600x600.png 600w, https:\/\/knistudio.fr\/wp-content\/uploads\/2026\/02\/professionnels-diplomes-1-100x100.png 100w\" sizes=\"auto, (max-width: 1181px) 100vw, 1181px\" \/><\/figure>\n\n\n\n<h4 class=\"wp-block-heading has-text-align-center has-custom-coco-color has-text-color has-yaro-font-family\" style=\"padding-top:20px;padding-bottom:15px;font-size:18px;font-style:normal;font-weight:700\">Professionnels dipl\u00f4m\u00e9s<\/h4>\n<\/div>\n<\/div>\n\n\n\n<div class=\"wp-block-column has-border-color has-custom-coco-border-color is-layout-flow wp-container-core-column-is-layout-95169d94 wp-block-column-is-layout-flow\" style=\"border-width:1px;border-radius:20px;padding-top:45px;padding-right:0px;padding-bottom:45px;padding-left:0px\">\n<div class=\"wp-block-group pin-donation-image-box is-layout-constrained wp-block-group-is-layout-constrained\">\n<figure class=\"wp-block-image aligncenter size-full is-resized\"><img loading=\"lazy\" decoding=\"async\" width=\"1181\" height=\"1181\" src=\"http:\/\/vbbecrh.cluster121.hosting.ovh.net\/wp-content\/uploads\/2026\/02\/DIAGNOSTIC.png\" alt=\"\" class=\"wp-image-441\" style=\"width:150px\" srcset=\"https:\/\/knistudio.fr\/wp-content\/uploads\/2026\/02\/DIAGNOSTIC.png 1181w, https:\/\/knistudio.fr\/wp-content\/uploads\/2026\/02\/DIAGNOSTIC-300x300.png 300w, https:\/\/knistudio.fr\/wp-content\/uploads\/2026\/02\/DIAGNOSTIC-1024x1024.png 1024w, https:\/\/knistudio.fr\/wp-content\/uploads\/2026\/02\/DIAGNOSTIC-150x150.png 150w, https:\/\/knistudio.fr\/wp-content\/uploads\/2026\/02\/DIAGNOSTIC-768x768.png 768w, https:\/\/knistudio.fr\/wp-content\/uploads\/2026\/02\/DIAGNOSTIC-600x600.png 600w, https:\/\/knistudio.fr\/wp-content\/uploads\/2026\/02\/DIAGNOSTIC-100x100.png 100w\" sizes=\"auto, (max-width: 1181px) 100vw, 1181px\" \/><\/figure>\n\n\n\n<h4 class=\"wp-block-heading has-text-align-center has-custom-coco-color has-text-color has-yaro-font-family\" style=\"padding-top:20px;padding-bottom:15px;font-size:18px;font-style:normal;font-weight:700\">Diagnostic personnalis\u00e9<\/h4>\n<\/div>\n<\/div>\n\n\n\n<div class=\"wp-block-column has-border-color has-custom-coco-border-color is-layout-flow wp-container-core-column-is-layout-95169d94 wp-block-column-is-layout-flow\" style=\"border-width:1px;border-radius:20px;padding-top:45px;padding-right:0px;padding-bottom:45px;padding-left:0px\">\n<div class=\"wp-block-group pin-donation-image-box is-layout-constrained wp-block-group-is-layout-constrained\">\n<figure class=\"wp-block-image aligncenter size-full is-resized\"><img loading=\"lazy\" decoding=\"async\" width=\"1181\" height=\"1181\" src=\"http:\/\/vbbecrh.cluster121.hosting.ovh.net\/wp-content\/uploads\/2026\/02\/PROTOCOLE-1.png\" alt=\"\" class=\"wp-image-445\" style=\"width:150px\" srcset=\"https:\/\/knistudio.fr\/wp-content\/uploads\/2026\/02\/PROTOCOLE-1.png 1181w, https:\/\/knistudio.fr\/wp-content\/uploads\/2026\/02\/PROTOCOLE-1-300x300.png 300w, https:\/\/knistudio.fr\/wp-content\/uploads\/2026\/02\/PROTOCOLE-1-1024x1024.png 1024w, https:\/\/knistudio.fr\/wp-content\/uploads\/2026\/02\/PROTOCOLE-1-150x150.png 150w, https:\/\/knistudio.fr\/wp-content\/uploads\/2026\/02\/PROTOCOLE-1-768x768.png 768w, https:\/\/knistudio.fr\/wp-content\/uploads\/2026\/02\/PROTOCOLE-1-600x600.png 600w, https:\/\/knistudio.fr\/wp-content\/uploads\/2026\/02\/PROTOCOLE-1-100x100.png 100w\" sizes=\"auto, (max-width: 1181px) 100vw, 1181px\" \/><\/figure>\n\n\n\n<h4 class=\"wp-block-heading has-text-align-center has-custom-coco-color has-text-color has-yaro-font-family\" style=\"padding-top:20px;padding-bottom:15px;font-size:18px;font-style:normal;font-weight:700\">Protocole adapt\u00e9 \u00e0 chacun<\/h4>\n<\/div>\n<\/div>\n\n\n\n<div class=\"wp-block-column has-border-color has-custom-coco-border-color is-layout-flow wp-container-core-column-is-layout-95169d94 wp-block-column-is-layout-flow\" style=\"border-width:1px;border-radius:20px;padding-top:45px;padding-right:0px;padding-bottom:45px;padding-left:0px\">\n<div class=\"wp-block-group pin-donation-image-box is-layout-constrained wp-block-group-is-layout-constrained\">\n<figure class=\"wp-block-image aligncenter size-full is-resized\"><img loading=\"lazy\" decoding=\"async\" width=\"1181\" height=\"1181\" src=\"http:\/\/vbbecrh.cluster121.hosting.ovh.net\/wp-content\/uploads\/2026\/02\/SUIVI-PERSONNALISE.png\" alt=\"\" class=\"wp-image-447\" style=\"width:150px\" srcset=\"https:\/\/knistudio.fr\/wp-content\/uploads\/2026\/02\/SUIVI-PERSONNALISE.png 1181w, https:\/\/knistudio.fr\/wp-content\/uploads\/2026\/02\/SUIVI-PERSONNALISE-300x300.png 300w, https:\/\/knistudio.fr\/wp-content\/uploads\/2026\/02\/SUIVI-PERSONNALISE-1024x1024.png 1024w, https:\/\/knistudio.fr\/wp-content\/uploads\/2026\/02\/SUIVI-PERSONNALISE-150x150.png 150w, https:\/\/knistudio.fr\/wp-content\/uploads\/2026\/02\/SUIVI-PERSONNALISE-768x768.png 768w, https:\/\/knistudio.fr\/wp-content\/uploads\/2026\/02\/SUIVI-PERSONNALISE-600x600.png 600w, https:\/\/knistudio.fr\/wp-content\/uploads\/2026\/02\/SUIVI-PERSONNALISE-100x100.png 100w\" sizes=\"auto, (max-width: 1181px) 100vw, 1181px\" \/><\/figure>\n\n\n\n<h4 class=\"wp-block-heading has-text-align-center has-custom-coco-color has-text-color has-yaro-font-family\" style=\"padding-top:20px;padding-bottom:15px;font-size:18px;font-style:normal;font-weight:700\">Suivi individualis\u00e9 post cure<\/h4>\n<\/div>\n<\/div>\n<\/div>\n<\/div>\n\n\n\n<div class=\"wp-block-columns is-layout-flex wp-container-core-columns-is-layout-28f84493 wp-block-columns-is-layout-flex\">\n<div class=\"wp-block-column is-layout-flow wp-block-column-is-layout-flow\">\n<figure class=\"wp-block-image size-large\"><img loading=\"lazy\" decoding=\"async\" width=\"1024\" height=\"1024\" src=\"http:\/\/vbbecrh.cluster121.hosting.ovh.net\/wp-content\/uploads\/2026\/02\/35-1024x1024.jpg\" alt=\"\" class=\"wp-image-449\" srcset=\"https:\/\/knistudio.fr\/wp-content\/uploads\/2026\/02\/35-1024x1024.jpg 1024w, https:\/\/knistudio.fr\/wp-content\/uploads\/2026\/02\/35-300x300.jpg 300w, https:\/\/knistudio.fr\/wp-content\/uploads\/2026\/02\/35-150x150.jpg 150w, https:\/\/knistudio.fr\/wp-content\/uploads\/2026\/02\/35-768x768.jpg 768w, https:\/\/knistudio.fr\/wp-content\/uploads\/2026\/02\/35-600x600.jpg 600w, https:\/\/knistudio.fr\/wp-content\/uploads\/2026\/02\/35-100x100.jpg 100w, https:\/\/knistudio.fr\/wp-content\/uploads\/2026\/02\/35.jpg 1181w\" sizes=\"auto, (max-width: 1024px) 100vw, 1024px\" \/><\/figure>\n<\/div>\n\n\n\n<div class=\"wp-block-column is-layout-flow wp-block-column-is-layout-flow\">\n<figure class=\"wp-block-image size-large\"><img loading=\"lazy\" decoding=\"async\" width=\"1024\" height=\"1024\" src=\"http:\/\/vbbecrh.cluster121.hosting.ovh.net\/wp-content\/uploads\/2026\/02\/36-1024x1024.jpg\" alt=\"\" class=\"wp-image-450\" srcset=\"https:\/\/knistudio.fr\/wp-content\/uploads\/2026\/02\/36-1024x1024.jpg 1024w, https:\/\/knistudio.fr\/wp-content\/uploads\/2026\/02\/36-300x300.jpg 300w, https:\/\/knistudio.fr\/wp-content\/uploads\/2026\/02\/36-150x150.jpg 150w, https:\/\/knistudio.fr\/wp-content\/uploads\/2026\/02\/36-768x768.jpg 768w, https:\/\/knistudio.fr\/wp-content\/uploads\/2026\/02\/36-600x600.jpg 600w, https:\/\/knistudio.fr\/wp-content\/uploads\/2026\/02\/36-100x100.jpg 100w, https:\/\/knistudio.fr\/wp-content\/uploads\/2026\/02\/36.jpg 1181w\" sizes=\"auto, (max-width: 1024px) 100vw, 1024px\" \/><\/figure>\n<\/div>\n\n\n\n<div class=\"wp-block-column is-layout-flow wp-block-column-is-layout-flow\">\n<figure class=\"wp-block-image size-large\"><img loading=\"lazy\" decoding=\"async\" width=\"1024\" height=\"1024\" src=\"http:\/\/vbbecrh.cluster121.hosting.ovh.net\/wp-content\/uploads\/2026\/02\/37-1024x1024.jpg\" alt=\"\" class=\"wp-image-451\" srcset=\"https:\/\/knistudio.fr\/wp-content\/uploads\/2026\/02\/37-1024x1024.jpg 1024w, https:\/\/knistudio.fr\/wp-content\/uploads\/2026\/02\/37-300x300.jpg 300w, https:\/\/knistudio.fr\/wp-content\/uploads\/2026\/02\/37-150x150.jpg 150w, https:\/\/knistudio.fr\/wp-content\/uploads\/2026\/02\/37-768x768.jpg 768w, https:\/\/knistudio.fr\/wp-content\/uploads\/2026\/02\/37-600x600.jpg 600w, https:\/\/knistudio.fr\/wp-content\/uploads\/2026\/02\/37-100x100.jpg 100w, https:\/\/knistudio.fr\/wp-content\/uploads\/2026\/02\/37.jpg 1181w\" sizes=\"auto, (max-width: 1024px) 100vw, 1024px\" \/><\/figure>\n<\/div>\n<\/div>\n\n\n\n<div class=\"wp-block-group alignfull is-content-justification-center is-layout-constrained wp-container-core-group-is-layout-df757ecc wp-block-group-is-layout-constrained\" style=\"margin-top:0;margin-bottom:0;padding-top:calc( 0.5 * var(--wp--style--root--padding-right, var(--wp--custom--gap--horizontal)));padding-right:var(--wp--style--root--padding-right, var(--wp--custom--gap--horizontal));padding-bottom:calc( 0.5 * var(--wp--style--root--padding-right, var(--wp--custom--gap--horizontal)));padding-left:var(--wp--style--root--padding-left, var(--wp--custom--gap--horizontal))\">\n<div style=\"height:calc( 0.25 * var(--wp--style--root--padding-right, var(--wp--custom--gap--horizontal)))\" aria-hidden=\"true\" class=\"wp-block-spacer\"><\/div>\n\n\n\n<div style=\"height:calc( 0.25 * var(--wp--style--root--padding-right, var(--wp--custom--gap--horizontal)))\" aria-hidden=\"true\" class=\"wp-block-spacer\"><\/div>\n<\/div>\n\n\n\n<div class=\"wp-block-group alignfull is-content-justification-center is-layout-constrained wp-container-core-group-is-layout-df757ecc wp-block-group-is-layout-constrained\" style=\"margin-top:0;margin-bottom:0;padding-top:calc( 0.5 * var(--wp--style--root--padding-right, var(--wp--custom--gap--horizontal)));padding-right:var(--wp--style--root--padding-right, var(--wp--custom--gap--horizontal));padding-bottom:calc( 0.5 * var(--wp--style--root--padding-right, var(--wp--custom--gap--horizontal)));padding-left:var(--wp--style--root--padding-left, var(--wp--custom--gap--horizontal))\">\n<div style=\"height:calc( 0.25 * var(--wp--style--root--padding-right, var(--wp--custom--gap--horizontal)))\" aria-hidden=\"true\" class=\"wp-block-spacer\"><\/div>\n<\/div>\n","protected":false},"excerpt":{"rendered":"<p>Pourquoi choisir KNI Studio ? Haute technologie avanc\u00e9e Professionnels dipl\u00f4m\u00e9s Diagnostic personnalis\u00e9 Protocole adapt\u00e9 \u00e0 chacun Suivi individualis\u00e9 post cure<\/p>\n","protected":false},"author":1,"featured_media":0,"parent":0,"menu_order":0,"comment_status":"closed","ping_status":"closed","template":"","meta":{"footnotes":""},"class_list":["post-382","page","type-page","status-publish","hentry"],"_links":{"self":[{"href":"https:\/\/knistudio.fr\/index.php\/wp-json\/wp\/v2\/pages\/382","targetHints":{"allow":["GET"]}}],"collection":[{"href":"https:\/\/knistudio.fr\/index.php\/wp-json\/wp\/v2\/pages"}],"about":[{"href":"https:\/\/knistudio.fr\/index.php\/wp-json\/wp\/v2\/types\/page"}],"author":[{"embeddable":true,"href":"https:\/\/knistudio.fr\/index.php\/wp-json\/wp\/v2\/users\/1"}],"replies":[{"embeddable":true,"href":"https:\/\/knistudio.fr\/index.php\/wp-json\/wp\/v2\/comments?post=382"}],"version-history":[{"count":49,"href":"https:\/\/knistudio.fr\/index.php\/wp-json\/wp\/v2\/pages\/382\/revisions"}],"predecessor-version":[{"id":452,"href":"https:\/\/knistudio.fr\/index.php\/wp-json\/wp\/v2\/pages\/382\/revisions\/452"}],"wp:attachment":[{"href":"https:\/\/knistudio.fr\/index.php\/wp-json\/wp\/v2\/media?parent=382"}],"curies":[{"name":"wp","href":"https:\/\/api.w.org\/{rel}","templated":true}]}}